rue
Let q be -1713 - 1/(-1) - 0. Let g be q/(-5) - 2/5. Suppose 3*w + 4*r - g = 521, 5*w - 2*r - 1473 = 0. Is w a prime number?
True
Let x(a) = 200*a**3 - 1. Let m be x(-1). Suppose 5*z - 8*r - 2015 = -3*r, 2*z - 3*r = 805. Let d = m + z. Is d a composite number?
True
Let w = 27 + -27. Suppose 0 = -5*c + 5*t + 65488 - 11888, w = -4*c + t + 42889. Is c composite?
False
Let b = -78792 - -132686. Is b a composite number?
True
Suppose -2*q - 256 = -4*q - l, -5*q = l - 637. Suppose -q + 3963 = 4*m. Is m prime?
False
Let h(w) = -182*w + 179. Is h(-19) composite?
False
Let u be 3 + (-2 - 5/(-5)). Suppose -2*d - 2*i + 3510 = u*i, -2*i - 5233 = -3*d. Is d composite?
False
Let w = 26 - 21. Let v = w - 7. Is (v/(-3))/((-2)/(-4395)) a composite number?
True
Let l = -4 + 7. Suppose -5*q + l*q + 446 = -c, 1115 = 5*q + 2*c. Is q prime?
True
Let p(m) = -442*m + 191. Is p(-35) a composite number?
False
Let f = -29 + 14. Let x(h) = -10*h - 17. Is x(f) a composite number?
True
Suppose 0 = 3*u - 45 + 48. Let d(k) = -292*k + 3. Is d(u) a composite number?
True
Let b(q) = 3*q**3 - 4*q**2 - q + 7. Let x be b(2). Suppose -x*f + f + 21876 = 0. Is f composite?
False
Is (-95)/150*-6*4310/2 prime?
False
Let t(i) = 193*i**2 - 12*i + 32. Is t(3) a prime number?
True
Suppose 8 = 4*y + g, 0 = -5*y + y + 4*g + 8. Let x(m) = 9*m - y - 2 + 3 - 3 + m**3 - 5*m**2. Is x(6) a prime number?
False
Suppose -3*a - 20 = 2*a. Let c = 9 + -17. Is a*(0 + 38/c) a prime number?
True
Let l(s) = 4*s**2 - s + 1. Let h be l(1). Suppose h*b - q = 0, 0 = 6*b - 3*b - 4*q. Suppose b = 4*d - 736 + 152. Is d prime?
False
Let f be (-3502)/309*21*1. Let q = -8 + 5. Is 3/2*f/q prime?
False
Let t(h) = -h**3 - 2*h**2 + h. Let a be t(-2). Let g be 16/12*(-111)/a. Suppose j + g = 451. Is j prime?
False
Suppose -3*s - 2*z - 3310 = 0, -4*s - 4408 = -z + 5*z. Let h = s - -2173. Is h prime?
False
Let c(u) = 75*u**2 + u. Let a be c(1). Let b = -792 - a. Let q = b + 1841. Is q a prime number?
False
Let f(u) = u**2 - 5*u - 10. Let k be f(8). Suppose -4*b + 5*q + 8760 = b, 4*b = -2*q + 7038. Is (b/k)/(2/4) prime?
True
Is (9/(-54)*-3)/(2/53164) a composite number?
False
Suppose 5*z - 103 = 3*s - 17, -2*z = -s - 34. Suppose 4*x + 0 = z. Suppose -x*k + j = -147, -k + 182 = 4*k - 3*j. Is k composite?
False
Suppose -4*b + 5*q = 3, -5*b + 8 = 4*q - 19. Suppose b*z - 212 = 166. Suppose 2*m - z = 8. Is m composite?
False
Let v = 52 + -24. Let c = v - 26. Suppose 0 = 5*h + n - 233, -3*h + 4*h - 52 = -c*n. Is h composite?
True
Let k(i) = -10*i**2 - 2*i - 4. Let g be k(3). Let s = 261 + g. Is s prime?
False
Let p(l) = -5*l + 113. Let q be p(0). Let h = 5 + q. Is h composite?
True
Let o(j) = -4*j**3 + j**2 + 3*j + 5. Let g be (3 - 2 - 7)*1. Is o(g) a composite number?
False
Suppose -5*a - 52 = -27. Is (-3 + -38)*-2 + a composite?
True
Suppose -4*c = 2*z - 4082, z = -z - 2*c + 4086. Suppose -z = -4*l - l. Is l prime?
True
Suppose 2*s - 12532 = -2*u - 2*u, 4*s = 4*u - 12508. Is u a composite number?
True
Let j(w) = -1152*w + 125. Is j(-4) a composite number?
False
Let a(i) = -i**2 - 8*i + 13. Let l be a(-9). Suppose w = 5*b + 1258, l*w + 2*b + 0*b = 4966. Is w prime?
False
Is (-1)/(4/(-3) + (-1587080)/(-1190328)) composite?
False
Suppose 5*v = -2*z + 108, 0*z + 54 = z + 3*v. Let n = 357 + z. Is n prime?
False
Suppose -12*o + 424 = -8348. Is o prime?
False
Suppose 0 = -5*v - 13 - 7. Let u be 710 - -1*(3 - 2). Is u/12 - (-1)/v a prime number?
True
Suppose -2*v - 9 = -3. Is 3898/3 - v*(-3)/27 a prime number?
False
Let d = 21373 - 9944. Is d prime?
False
Let x(z) = -200*z + 157. Is x(-6) prime?
False
Suppose 6*c = 5*c + q + 8, -2*q + 12 = 5*c. Suppose 3*n - 10 - 2 = -4*g, c*n = -4*g + 16. Suppose g*h - 423 = -3*h. Is h a composite number?
True
Suppose 0 = -139*w + 128*w + 6083. Is w composite?
True
Suppose 0 = -2*f + 14449 - 1103. Is f composite?
False
Let k be 66 + 0/(-4) + 3. Let q = k - -370. Is q prime?
True
Suppose -5*m + 543 = -2*m. Is m a composite number?
False
Suppose -k + 15 + 86 = 0. Let b be ((-1100)/33)/((4/(-3))/2). Let u = k - b. Is u a prime number?
False
Suppose n + 11 = 4*u + 2*n, -4*u + 14 = -2*n. Suppose 81 = -u*m + 3426. Is m a composite number?
True
Is ((-1380)/120)/(1/(-818)) composite?
True
Suppose -34665 = -d + 4*u, 0 = -2*d + 3*u + 20171 + 49139. Is d a prime number?
True
Let y = 11 - 9. Suppose 5 = y*i - 1. Let t = 52 - i. Is t composite?
True
Let c = 6168 + 1927. Is c a composite number?
True
Is -7 + 549/81 + 315404/36 prime?
True
Let v(j) = 5154*j - 64. Is v(3) composite?
True
Suppose -y + 476 = -f, 0 = 6*y - 4*y + f - 961. Is y composite?
False
Suppose -f = 5*f + 2394. Let b = -200 - f. Is b prime?
True
Suppose 0 = 2*z - o + 3, 3*z - 3*o + 4 = -2. Is -9332*(12/16 + z) prime?
True
Let q(y) = -3*y**2 + 21*y + 27. Let i(o) = -o**2 + 7*o + 9. Let l(w) = -11*i(w) + 4*q(w). Let b be l(7). Is (b/4)/((-24)/(-64)) prime?
False
Is (-9)/6 - (-5115)/6 prime?
False
Let f(m) = -m**3 - 17*m**2 + 64*m - 13. Is f(-21) a prime number?
False
Suppose 3*x = -r - r + 42430, 63645 = 3*r + 2*x. Is r a composite number?
True
Let f(z) = 160*z**3 - z**2 - 3*z - 7. Let b(s) = -800*s**3 + 6*s**2 + 15*s + 35. Let p(v) = -2*b(v) - 11*f(v). Is p(-2) a composite number?
False
Let l = -15 - -23. Suppose l*j - 15 = 3*j. Suppose -2*h = 3*p - 0*p - 1133, 1888 = 5*p + j*h. Is p a prime number?
False
Suppose 3462 = 14*t - 5428. Is t a composite number?
True
Let u(y) = -y**3 - 16*y**2 - y - 11. Let w be u(-16). Suppose -8 = -2*m, -n + w*m - 12 = 12. Is (5529/38)/((-3)/n) a prime number?
False
Let l be (-36)/96 + 38/16. Is (l - (3 + -128))*2 a prime number?
False
Let j(b) = -b + 2. Let w(y) = 788*y + 23. Let o(v) = 2*j(v) - w(v). Is o(-6) a composite number?
False
Let d(q) = q - 1. Suppose 2*r - 16 = -4*m - r, -5*m - 4*r + 21 = 0. Let b be d(m). Is 1/(-3)*b - -51 prime?
False
Is 3278*4/16 - 3/(-2) a prime number?
True
Let x be 5 + (12/2)/(-3). Suppose -6453 = -x*z - 0*z - 3*j, -4*z + 8610 = j. Is z a prime number?
True
Suppose 15 = -5*i, 2*z + 4 = z - 2*i. Let h(j) be the first derivative of 147*j**2/2 - 7*j - 3. Is h(z) prime?
False
Is (-1 + -2)*4/6 + 5921 a composite number?
True
Suppose 2 = -5*d + 7. Let m be (d + 0/(-1))*5. Suppose -134 = -m*a + 36. Is a a prime number?
False
Let z(d) = d**3 + 5*d**2 - 6*d - 12. Let a be z(-6). Let f be (15/a)/(3/768). Let k = f - -906. Is k prime?
False
Let d(p) = -5025*p + 37. Is d(-6) a prime number?
True
Is (-2)/2 + (-10)/(-3)*7251 a composite number?
False
Let d = 1029 - 1535. Let g = 1237 + d. Is g composite?
True
Let j(h) = h**3 + 2*h**2 - 4*h. Let r be j(-3). Suppose -r*l - 955 = -4*l. Is l a composite number?
True
Let h be (-26)/39 - (-2)/3. Suppose 3*v - 415 - 254 = h. Is v a composite number?
False
Suppose -4*i = 2*i - 1986. Is i composite?
False
Let i(r) = -9*r**2 - 11*r - 17. Let h be i(-13). Let g = h - -3082. Is g a composite number?
True
Let k(j) = -21*j**3 + 2*j**2 + 14*j + 4. Is k(-5) composite?
False
Let c(l) = -l**3 - 4*l**2 + 5*l + 1. Let o be c(-4). Let r = -5 - o. Suppose 10*b + 132 = r*b. Is b a prime number?
False
Let s(k) = -7*k + 2*k + 7*k - 5. Let o = 21 + -11. Is s(o) a prime number?
False
Suppose 3 = i - 1, -2*c + 4*i + 6 = 0. Let q(g) be the first derivative of 15*g**2/2 + 13*g + 1. Is q(c) a prime number?
False
Let y(m) = 3*m**2 + m + 2. Let a be y(-2). Let j be (3/(-9))/((-2)/a). Suppose -j*p + 33 = -p. Is p prime?
False
Let w = 78 - 73. Suppose -w*r + 2573 = 3*j + 624, -5*r - 2*j + 1951 = 0. Is r prime?
False
Suppose 3*f - f = -8, 4*u = -5*f. Suppose -3*d = -4*b - b + 910, -4*d = -u*b + 905. Is b composite?
True
Let l(m) = -1879*m + 362. Is l(-5) a prime number?
False
Let v(n) = 12*n + 7. Let z(b) = b + 1. Let c be z(2). Let k(f) = -f**3 + 3*f**2 + 4. Let w be k(c). Is v(w) a prime number?
False
Suppose b + 5 + 7 = 0. Let l be -1*-3*28/b. Is (-934)/4*(5 + l) composite?
False
Let w = 3385 - 2222. Is w a prime number?
True
Suppose 2*l - 4722 = -4*l. Is l a composite number?
False
Let s(z) be the third derivative of z**5/15 + 5*z**4/8 + z**3/2 - 16*z**2. Is s(-10) a prime number?
False
Suppose -2*a + 92 = 26. Suppose p = -3*s + a, 0 = -4*s + p + 2*p + 57. Is (-722)/(-22) + s/66 a prime number?
False
Let a(z) = 31*z + 2. Let q be a(2). Suppose -1555 = -69*l + q*l. Is l a c